{"id":1221,"date":"2025-08-11T15:22:13","date_gmt":"2025-08-11T15:22:13","guid":{"rendered":"https:\/\/gnuvf.com\/?page_id=1221"},"modified":"2025-08-12T13:54:05","modified_gmt":"2025-08-12T13:54:05","slug":"2025-2026-volunteers","status":"publish","type":"page","link":"https:\/\/gnuvf.com\/index.php\/2025-2026-volunteers\/","title":{"rendered":"2025\/2026 VOLUNTEER GROUP"},"content":{"rendered":"\n<p><strong>Mia Lysann Jessen.<\/strong><\/p>\n\n\n\n<figure class=\"wp-block-image size-large is-resized\"><img loading=\"lazy\" decoding=\"async\" width=\"768\" height=\"1024\" src=\"https:\/\/gnuvf.com\/wp-content\/uploads\/2025\/08\/Jessen-Mia-Lyssan-Foto-768x1024.jpeg\" alt=\"\" class=\"wp-image-1236\" style=\"width:179px;height:auto\" srcset=\"https:\/\/gnuvf.com\/wp-content\/uploads\/2025\/08\/Jessen-Mia-Lyssan-Foto-768x1024.jpeg 768w, https:\/\/gnuvf.com\/wp-content\/uploads\/2025\/08\/Jessen-Mia-Lyssan-Foto-225x300.jpeg 225w, https:\/\/gnuvf.com\/wp-content\/uploads\/2025\/08\/Jessen-Mia-Lyssan-Foto-1152x1536.jpeg 1152w, https:\/\/gnuvf.com\/wp-content\/uploads\/2025\/08\/Jessen-Mia-Lyssan-Foto-1536x2048.jpeg 1536w, https:\/\/gnuvf.com\/wp-content\/uploads\/2025\/08\/Jessen-Mia-Lyssan-Foto-scaled.jpeg 1920w\" sizes=\"auto, (max-width: 768px) 100vw, 768px\" \/><\/figure>\n\n\n\n<p><strong>Carolin G\u00f6pel.<\/strong><\/p>\n\n\n\n<p><\/p>\n\n\n\n<p><strong>Johanna Lucia Sch\u00f6nberner.<\/strong><\/p>\n\n\n\n<figure class=\"wp-block-gallery has-nested-images columns-default is-cropped wp-block-gallery-1 is-layout-flex wp-block-gallery-is-layout-flex\">\n<figure class=\"wp-block-image size-large\"><img loading=\"lazy\" decoding=\"async\" width=\"701\" height=\"1024\" data-id=\"1241\" src=\"https:\/\/gnuvf.com\/wp-content\/uploads\/2025\/08\/Schonberner-Johanna-Lucia-Foto-4-701x1024.jpg\" alt=\"\" class=\"wp-image-1241\" srcset=\"https:\/\/gnuvf.com\/wp-content\/uploads\/2025\/08\/Schonberner-Johanna-Lucia-Foto-4-701x1024.jpg 701w, https:\/\/gnuvf.com\/wp-content\/uploads\/2025\/08\/Schonberner-Johanna-Lucia-Foto-4-205x300.jpg 205w, https:\/\/gnuvf.com\/wp-content\/uploads\/2025\/08\/Schonberner-Johanna-Lucia-Foto-4-768x1122.jpg 768w, https:\/\/gnuvf.com\/wp-content\/uploads\/2025\/08\/Schonberner-Johanna-Lucia-Foto-4-1051x1536.jpg 1051w, https:\/\/gnuvf.com\/wp-content\/uploads\/2025\/08\/Schonberner-Johanna-Lucia-Foto-4-1401x2048.jpg 1401w, https:\/\/gnuvf.com\/wp-content\/uploads\/2025\/08\/Schonberner-Johanna-Lucia-Foto-4-rotated.jpg 1706w\" sizes=\"auto, (max-width: 701px) 100vw, 701px\" \/><\/figure>\n<\/figure>\n\n\n\n<p><strong>Karl Julius Pietsch<\/strong>.<\/p>\n\n\n\n<p><strong>Anna Brands<\/strong>.<\/p>\n\n\n\n<p><strong>Enrico L\u00fcdecke.<\/strong><\/p>\n","protected":false},"excerpt":{"rendered":"<p>Mia Lysann Jessen. Carolin G\u00f6pel. Johanna Lucia Sch\u00f6nberner. Karl Julius Pietsch. Anna Brands. Enrico L\u00fcdecke.<\/p>\n","protected":false},"author":3,"featured_media":0,"parent":0,"menu_order":0,"comment_status":"closed","ping_status":"closed","template":"","meta":{"footnotes":""},"class_list":["post-1221","page","type-page","status-publish","hentry"],"aioseo_notices":[],"_links":{"self":[{"href":"https:\/\/gnuvf.com\/index.php\/wp-json\/wp\/v2\/pages\/1221","targetHints":{"allow":["GET"]}}],"collection":[{"href":"https:\/\/gnuvf.com\/index.php\/wp-json\/wp\/v2\/pages"}],"about":[{"href":"https:\/\/gnuvf.com\/index.php\/wp-json\/wp\/v2\/types\/page"}],"author":[{"embeddable":true,"href":"https:\/\/gnuvf.com\/index.php\/wp-json\/wp\/v2\/users\/3"}],"replies":[{"embeddable":true,"href":"https:\/\/gnuvf.com\/index.php\/wp-json\/wp\/v2\/comments?post=1221"}],"version-history":[{"count":0,"href":"https:\/\/gnuvf.com\/index.php\/wp-json\/wp\/v2\/pages\/1221\/revisions"}],"wp:attachment":[{"href":"https:\/\/gnuvf.com\/index.php\/wp-json\/wp\/v2\/media?parent=1221"}],"curies":[{"name":"wp","href":"https:\/\/api.w.org\/{rel}","templated":true}]}}